{"id":279,"date":"2018-07-16T10:34:46","date_gmt":"2018-07-16T10:34:46","guid":{"rendered":"http:\/\/miranargh.de\/?page_id=279"},"modified":"2018-07-16T10:35:05","modified_gmt":"2018-07-16T10:35:05","slug":"279-2","status":"publish","type":"page","link":"https:\/\/miranargh.de\/?page_id=279","title":{"rendered":"Liverollenspiel"},"content":{"rendered":"<h1 style=\"text-align: center;\"><span style=\"color: #008000;\">Liverollenspiel<\/span><\/h1>\n<p><a href=\"https:\/\/miranargh.de\/wp-content\/uploads\/2018\/07\/heldenschmiede.jpg\"><img loading=\"lazy\" decoding=\"async\" class=\" wp-image-280 aligncenter\" src=\"https:\/\/miranargh.de\/wp-content\/uploads\/2018\/07\/heldenschmiede.jpg\" alt=\"\" width=\"296\" height=\"216\" \/><\/a><\/p>\n<h1><span style=\"color: #0000ff;\"><strong>Was ist Liverollenspiel?<\/strong><\/span><\/h1>\n<p>Wer hat noch nicht davon getr\u00e4umt, in seinem Lieblingsbuch oder \u2013film einmal selbst in die Rolle des Helden zu schl\u00fcpfen?<\/p>\n<p><a href=\"https:\/\/miranargh.de\/wp-content\/uploads\/2018\/07\/hexe-und-rabe.jpg\"><img loading=\"lazy\" decoding=\"async\" class=\" wp-image-281 aligncenter\" src=\"https:\/\/miranargh.de\/wp-content\/uploads\/2018\/07\/hexe-und-rabe-300x169.jpg\" alt=\"\" width=\"247\" height=\"139\" srcset=\"https:\/\/miranargh.de\/wp-content\/uploads\/2018\/07\/hexe-und-rabe-300x169.jpg 300w, https:\/\/miranargh.de\/wp-content\/uploads\/2018\/07\/hexe-und-rabe-768x432.jpg 768w, https:\/\/miranargh.de\/wp-content\/uploads\/2018\/07\/hexe-und-rabe-1024x576.jpg 1024w, https:\/\/miranargh.de\/wp-content\/uploads\/2018\/07\/hexe-und-rabe-624x351.jpg 624w\" sizes=\"auto, (max-width: 247px) 100vw, 247px\" \/><\/a><\/p>\n<p><strong>Im Liverollenspiel wird dieser Traum wahr:<\/strong><\/p>\n<p>Jeder Spieler erdenkt sich seinen Helden aus, ob kluge Gelehrte, tapferer Ritter, wagemutiger Pirat oder flinker Waldl\u00e4ufer \u2013 der Fantasie sind keine Grenzen gesetzt.<br \/>\nMit diesem Charakter erlebt der Spieler nun spannende Abenteuer \u2013 auf so genannten \u201eCons\u201c, (kommt vom englischen Woer: Convention).<\/p>\n<p>Dies sind Veranstaltungen, wo andere Liverollenspieler sich eine Geschichte \u00fcberlegen und diese mit Darstellern und Requisiten in einer Art Spontantheater umsetzen, die Hauptrollen \u00fcbernehmen hierbei die Spieler. Weil die Organisatoren das Spiel leiten werden sie entweder Spielleitung oder Orga genannt.<\/p>\n<p>Bei diesen Abenteuern treffen die Charaktere aufeinander und bestehen gemeinsam zahlreiche Abenteuer, in denen sie anderen helfen, verhandeln, R\u00e4tsel l\u00f6sen, mit Polsterwaffen k\u00e4mpfen und dabei in eine fantastische Welt eintauchen.<\/p>\n<p><strong><a href=\"http:\/\/www.larpwiki.de\/\">Hier<\/a> <\/strong>findet man mehr Informationen zum Thema Liverollenspiel!<\/p>\n<p>&nbsp;<\/p>\n<p>&nbsp;<\/p>\n","protected":false},"excerpt":{"rendered":"<p>Liverollenspiel Was ist Liverollenspiel? Wer hat noch nicht davon getr\u00e4umt, in seinem Lieblingsbuch oder \u2013film einmal selbst in die Rolle des Helden zu schl\u00fcpfen? Im Liverollenspiel wird dieser Traum wahr: Jeder Spieler erdenkt sich seinen Helden aus, ob kluge Gelehrte, tapferer Ritter, wagemutiger Pirat oder flinker Waldl\u00e4ufer \u2013 der Fantasie sind keine Grenzen gesetzt. Mit &hellip; <a href=\"https:\/\/miranargh.de\/?page_id=279\" class=\"more-link\"><span class=\"screen-reader-text\">Liverollenspiel<\/span> weiterlesen <span class=\"meta-nav\">&rarr;<\/span><\/a><\/p>\n","protected":false},"author":1,"featured_media":0,"parent":0,"menu_order":0,"comment_status":"closed","ping_status":"closed","template":"","meta":{"footnotes":""},"class_list":["post-279","page","type-page","status-publish","hentry"],"_links":{"self":[{"href":"https:\/\/miranargh.de\/index.php?rest_route=\/wp\/v2\/pages\/279","targetHints":{"allow":["GET"]}}],"collection":[{"href":"https:\/\/miranargh.de\/index.php?rest_route=\/wp\/v2\/pages"}],"about":[{"href":"https:\/\/miranargh.de\/index.php?rest_route=\/wp\/v2\/types\/page"}],"author":[{"embeddable":true,"href":"https:\/\/miranargh.de\/index.php?rest_route=\/wp\/v2\/users\/1"}],"replies":[{"embeddable":true,"href":"https:\/\/miranargh.de\/index.php?rest_route=%2Fwp%2Fv2%2Fcomments&post=279"}],"version-history":[{"count":2,"href":"https:\/\/miranargh.de\/index.php?rest_route=\/wp\/v2\/pages\/279\/revisions"}],"predecessor-version":[{"id":286,"href":"https:\/\/miranargh.de\/index.php?rest_route=\/wp\/v2\/pages\/279\/revisions\/286"}],"wp:attachment":[{"href":"https:\/\/miranargh.de\/index.php?rest_route=%2Fwp%2Fv2%2Fmedia&parent=279"}],"curies":[{"name":"wp","href":"https:\/\/api.w.org\/{rel}","templated":true}]}}