{"id":269,"date":"2018-07-16T08:10:20","date_gmt":"2018-07-16T08:10:20","guid":{"rendered":"http:\/\/miranargh.de\/?page_id=269"},"modified":"2023-01-23T19:48:41","modified_gmt":"2023-01-23T19:48:41","slug":"der-verein","status":"publish","type":"page","link":"https:\/\/miranargh.de\/?page_id=269","title":{"rendered":"der Verein"},"content":{"rendered":"<h1 style=\"text-align: center;\"><span style=\"color: #008000;\">der Verein Miranargh e.V.<\/span><\/h1>\n<p><a href=\"https:\/\/miranargh.de\/wp-content\/uploads\/2018\/07\/der-Verein.jpg\"><img loading=\"lazy\" decoding=\"async\" class=\" wp-image-271 aligncenter\" src=\"https:\/\/miranargh.de\/wp-content\/uploads\/2018\/07\/der-Verein-280x300.jpg\" alt=\"\" width=\"353\" height=\"378\" srcset=\"https:\/\/miranargh.de\/wp-content\/uploads\/2018\/07\/der-Verein-280x300.jpg 280w, https:\/\/miranargh.de\/wp-content\/uploads\/2018\/07\/der-Verein-624x668.jpg 624w, https:\/\/miranargh.de\/wp-content\/uploads\/2018\/07\/der-Verein.jpg 645w\" sizes=\"auto, (max-width: 353px) 100vw, 353px\" \/><\/a><\/p>\n<p><strong>Wir sind eine Gruppe engagierter Liverollenspieler aus Eckernf\u00f6rde und Umgebung. Seit 2004 organisieren wir Liverollenspiele mit dem Anspruch zu unterhalten und Gleichgesinnten die M\u00f6glichkeit zum Ausleben eines gemeinsamen Hobbys zu bieten.<\/strong><\/p>\n<p><strong>Beruflich sind wir im p\u00e4dagogischen, im kaufm\u00e4nnischem und im Medienbereich t\u00e4tig und k\u00f6nnen unsere Erfahrungen auch im Liverollenspiel nutzen. Viele von uns sind ausgebildete Jugendgruppenleiter.<\/strong><\/p>\n<p><strong>Mit der Gr\u00fcndung von Miranargh e.V. m\u00f6chten wir aus dem Spa\u00df am Liverollenspiel eine gute Sache machen, indem wir die p\u00e4dagogischen und sozialen M\u00f6glichkeiten, die Liverollenspiel bietet, in Jugendarbeit nutzen. Dabei m\u00f6chten wir gemeinn\u00fctzig und ehrenamtlich arbeiten.<\/strong><\/p>\n<h1 style=\"text-align: center;\"><span style=\"color: #008000;\"><strong>Konzepte und Ziele<\/strong><\/span><\/h1>\n<h2 style=\"text-align: center;\"><span style=\"color: #0000ff;\">Das Konzept, die sozialen und p\u00e4dagogischen M\u00f6glichkeiten des Liverollenspiels gemeinn\u00fctzig zu nutzen nennen wir<\/span><\/h2>\n<h2 style=\"text-align: center;\"><span style=\"color: #0000ff;\">\u201eMir macht Sinn\u201c.<\/span><\/h2>\n<p>Wir bieten Liverollenspiele speziell f\u00fcr Jugendliche und Heranwachsende an, in denen sie spielerisch in und an der Gruppe lernen, Kommunikation \u00fcben, ihr Selbstbewusstsein durch Helden-Dasein st\u00e4rken und eigene M\u00f6glichkeiten und Grenzen erleben k\u00f6nnen.<br \/>\nDer Begriff Rollenspiel erinnert zun\u00e4chst h\u00e4ufig an Computerspiele, doch damit haben unsere Abenteuerspiele wenig zu tun. Unser Ziel ist es, Kinder und Jugendliche zum selbstverantwortlichen Handeln zu bringen und ihnen M\u00f6glichkeiten geben, Schl\u00fcsselqualifikationen wie Sozial-, Selbst-, Methoden- und Handlungskompetenz zu entwickeln, indem sie von uns begleitet und gef\u00f6rdert Abenteuer in einer Heldenrolle erleben.<\/p>\n<p>Wir wollen Kinder und Jugendliche in Aktion bringen: Weg von der passiven Haltung vor Fernseher und Computer in eine aktive Handlung bringen, wo sie das Wirken ihres Handelns selbst erleben.<\/p>\n<p>Die Kinder und Jugendlichen werden durch die Abenteuerspiele aufgefordert, ihr Selbstbild und das Bild von der Weld zu erkennen und zu formen. Sie erlernen die Regeln der R\u00fccksicht, der Verantwortung und der Kommunikation.<\/p>\n<p><span style=\"color: #0000ff;\"><strong>Im Rahmen unserer Vereinsarbeit haben wir an folgende Veranstaltungen mitgewirkt:<\/strong><\/span><\/p>\n<p style=\"text-align: center;\"><strong><span style=\"color: #008000;\">Neben den klassischen Liverollenspielen bietet Miranargh e.V. auch Projekte an und beteiligt sich an gemeinn\u00fctzigen Veranstaltungen:<\/span><br \/>\n<\/strong><\/p>\n<p>Beim<strong> Lauf ins Leben<\/strong> 2009, 2010, 2011, 2012, 2013, 2014 ,2015, 2016, 2017, 2018, 2019 und 2022 in Eckernf\u00f6rde hat Miranargh e.V. mittelalterliche Mitmachaktionen f\u00fcr Kinder veranstaltet.<\/p>\n<p>Unter der Reihe \u201e<strong>Geschichten aus dem Nachtwald\u201c<\/strong> organisiert Miranargh e.V. Liverollenspiele f\u00fcr Kinder und Jugendliche.<\/p>\n<p>Auch beim Jahrmarkt der Gesundheit zugunsten der Kinderkrebsstation M1 in Kiel und dem ambulanten Kinderhospizdienst Flensburg im September 2009 in Tydal hat Miranargh e.V. die Kinderaktionen mitgestaltet.<\/p>\n<p>Von 2008- 2013 hat Miranargh e.V. eine<strong> Jugendgruppe<\/strong> im Rahmen des Freizeitbereichs der Peter-Ustinov-Schule in Eckernf\u00f6rde angeboten.<\/p>\n<p>Seit Sommer 2013 bietet Miranargh e.V. unter dem Titel <strong>\u201eHeldenschmiede\u201c<\/strong> Treffen f\u00fcr Jugendliche an, bei denen diese in der Natur lernen und spielen k\u00f6nnen.<\/p>\n<p>Miranargh e.V hat das Jugendzentrum Schleswig schon viele Mal bei seiner Aktion: <strong>\u201eNacht im<\/strong> <strong>Museum\u201c<\/strong> in Zusammenarbeit mit Schlo\u00df Gottorf unterst\u00fctzt.<\/p>\n<p>Seit 2014 hat Miranargh e.V. die Piraten vom Verein Kornerfjord e.V. beim <strong>Eckernf\u00f6rder Piratenspektakel<\/strong> aktiv unterst\u00fctzt.<\/p>\n<p>Beim <strong>RSH-KIndertag 2015<\/strong> in Eckernf\u00f6rde waren wir dabei.<\/p>\n<p>Miranargh e.V. unterst\u00fctzt das <strong>Projekt: Liverollenspiel<\/strong> des Enrichment-Projektes der Schulen des Landes Schleswig-Holstein.<\/p>\n","protected":false},"excerpt":{"rendered":"<p>der Verein Miranargh e.V. Wir sind eine Gruppe engagierter Liverollenspieler aus Eckernf\u00f6rde und Umgebung. Seit 2004 organisieren wir Liverollenspiele mit dem Anspruch zu unterhalten und Gleichgesinnten die M\u00f6glichkeit zum Ausleben eines gemeinsamen Hobbys zu bieten. Beruflich sind wir im p\u00e4dagogischen, im kaufm\u00e4nnischem und im Medienbereich t\u00e4tig und k\u00f6nnen unsere Erfahrungen auch im Liverollenspiel nutzen. Viele &hellip; <a href=\"https:\/\/miranargh.de\/?page_id=269\" class=\"more-link\"><span class=\"screen-reader-text\">der Verein<\/span> weiterlesen <span class=\"meta-nav\">&rarr;<\/span><\/a><\/p>\n","protected":false},"author":1,"featured_media":0,"parent":0,"menu_order":0,"comment_status":"closed","ping_status":"closed","template":"","meta":{"footnotes":""},"class_list":["post-269","page","type-page","status-publish","hentry"],"_links":{"self":[{"href":"https:\/\/miranargh.de\/index.php?rest_route=\/wp\/v2\/pages\/269","targetHints":{"allow":["GET"]}}],"collection":[{"href":"https:\/\/miranargh.de\/index.php?rest_route=\/wp\/v2\/pages"}],"about":[{"href":"https:\/\/miranargh.de\/index.php?rest_route=\/wp\/v2\/types\/page"}],"author":[{"embeddable":true,"href":"https:\/\/miranargh.de\/index.php?rest_route=\/wp\/v2\/users\/1"}],"replies":[{"embeddable":true,"href":"https:\/\/miranargh.de\/index.php?rest_route=%2Fwp%2Fv2%2Fcomments&post=269"}],"version-history":[{"count":8,"href":"https:\/\/miranargh.de\/index.php?rest_route=\/wp\/v2\/pages\/269\/revisions"}],"predecessor-version":[{"id":434,"href":"https:\/\/miranargh.de\/index.php?rest_route=\/wp\/v2\/pages\/269\/revisions\/434"}],"wp:attachment":[{"href":"https:\/\/miranargh.de\/index.php?rest_route=%2Fwp%2Fv2%2Fmedia&parent=269"}],"curies":[{"name":"wp","href":"https:\/\/api.w.org\/{rel}","templated":true}]}}